(1270/c)/((-37)/148)?
5, 127
Suppose 0 = -31*z - 21*z + 4*z + 191136. List the prime factors of z.
2, 11, 181
Suppose -85*r + 106019 = -52*r - 154483. What are the prime factors of r?
2, 3947
Let k(m) = 2005*m**2 - 2. Suppose -20*i = i + 21. List the prime factors of k(i).
2003
Let q = -30 - -32. Suppose 3*i - 27 = 3*t, q*t + 4*i = -3*t. Let v(h) = -h**3 - 2*h**2 - 4*h + 6. What are the prime factors of v(t)?
2, 3
Let p(a) = -22*a + 90. Let b be (18/15 - (-2)/(-10)) + -12. List the prime factors of p(b).
2, 83
Let i = -396 - -577. Let l = 100 + i. List the prime factors of l.
281
Let k(q) = 7*q**2 + 76*q + 331. What are the prime factors of k(-27)?
2, 19, 89
Suppose j - 167 + 562 = -2*v, -3*j - 3*v - 1170 = 0. Let o = 1239 + j. What are the prime factors of o?
2, 7, 61
Suppose -139*s = -2815479 - 937938. What are the prime factors of s?
3, 9001
Suppose 203*z = 208*z - 10555. Suppose -12*g + z = -61. What are the prime factors of g?
181
Suppose 4*j = -3*m + 13497, 3*m - 35*j = -31*j + 13473. What are the prime factors of m?
5, 29, 31
Let y(a) = 2654*a - 277. List the prime factors of y(4).
7, 211
Suppose 2*y - 4*t = 3614, 181*y - 179*y = t + 3614. What are the prime factors of y?
13, 139
Suppose -108 = -6*g - 882. What are the prime factors of (6*g/(-9))/((-7)/(-56))?
2, 43
Let d(g) = g**3 + 36*g**2 - 48*g - 39. What are the prime factors of d(-28)?
7577
Let z = 281 + -141. What are the prime factors of 156/7 + 5/(z/(-8))?
2, 11
Let v(m) be the first derivative of m**5/3 - 31*m**4/24 + 32*m**3/3 - 30. Let b(s) be the third derivative of v(s). What are the prime factors of b(5)?
13
Let l = 17332 + -8120. What are the prime factors of l?
2, 7, 47
Let w be (-1)/(-1 - (-30)/32). Suppose -12*n = -w*n + 2664. List the prime factors of (1/(-3))/(1*(-2)/n).
3, 37
Let j = 78 + 174. Let l(v) = v**2 - 7*v + 4. Let t be l(7). Suppose 0 = 7*k - t*k - j. What are the prime factors of k?
2, 3, 7
Suppose 72 = -3*z + 11*z. Suppose -z*u + 10*u - 350 = 0. What are the prime factors of u?
2, 5, 7
Let z = -257 + 261. List the prime factors of ((-2454)/z)/(99/(-66)).
409
Suppose 11*w - 110 = w. Let o(k) be the second derivative of k**4/12 - 7*k**3/6 + 5*k**2 - 5*k. What are the prime factors of o(w)?
2, 3
Let f(v) = 3*v - 12. Let c be f(4). Let m be c - (5 + -2 - 42). Suppose -9*q + m = -8*q. List the prime factors of q.
3, 13
Let b(c) = -632*c + 646. What are the prime factors of b(-5)?
2, 11, 173
Let g = 110 - 119. Let c be 40/12 + 3/g*1. Suppose 2 = -c*z + 248. List the prime factors of z.
2, 41
Suppose 2*i - 29 = 89. Let b(j) = -8*j**3 + 5*j**2 + 11*j + 22. Let t be b(-3). Suppose p + t = 5*p + 2*z, 0 = -p - 4*z + i. List the prime factors of p.
3, 7
Suppose -3*t = 0, -15 = 2*d + 2*t - 27. Let k(z) = 49*z**2 - 30*z + 136. What are the prime factors of k(d)?
2, 5, 43
Suppose -3*b = 4*p + 5092, 3*b = p + b + 1262. Let k = p - -1792. Suppose k + 388 = 7*c. List the prime factors of c.
2, 5, 13
Let v(m) = m**3 + 4*m**2 - 5. Let x be v(-2). Suppose -x*c + u - 37 = -111, 0 = -4*c - u + 108. What are the prime factors of c?
2, 13
Let f(c) = 13 - c**3 + 6*c - 2*c + 6*c - 2*c**2. Suppose -3*h = 5*b + 4 + 17, 2*b - 5*h = -27. List the prime factors of f(b).
97
Suppose -2*u = -b - 249 + 2293, 4*u = -3*b + 6152. Suppose 4*x - b = 4*s, -694 + 182 = -x - s. What are the prime factors of x?
2
Let u = 48 + 81. Suppose 2*r + u = -5*s, 5*s + 9 = r + 111. Let i = 143 + r. What are the prime factors of i?
2, 3, 11
Let h(p) = -50*p**3 + 3*p**2 - 92*p - 21. What are the prime factors of h(-12)?
3, 5, 5861
Suppose -2*x + 17 = -0*x + g, 5*g - 1 = 4*x. Suppose -3*z - 424 = -5*b - x*z, 0 = -b + 3*z + 74. What are the prime factors of b?
83
Let i(a) = 2022*a**2 + 5*a - 4. List the prime factors of i(1).
7, 17
Let n = 27 - 27. Suppose 2*s - s = -r + 229, n = -4*r + 2*s + 904. Let p = -136 + r. What are the prime factors of p?
7, 13
Let a(h) = -h**3 + 89*h**2 + h - 2450. List the prime factors of a(35).
3, 5, 7, 607
Suppose -912*h + 900*h = -30564. What are the prime factors of h?
3, 283
Let w(z) = 14*z**2 - 121*z - 4602. What are the prime factors of w(-48)?
2, 3, 11, 13
Let s be (-3)/(-27)*-7 + (-212)/954. Suppose -8 + 4 = 2*o. What are the prime factors of 153 + (-1 + s)/(-2) + o?
2, 19
Let w(y) = 10*y**2 - 5*y - 4. Let u(l) = -20*l**2 + 11*l + 9. Let g(p) = -4*u(p) - 7*w(p). What are the prime factors of g(-3)?
109
Let c = 25 + -24. Let z be (c - 15/2)/((-2)/40). What are the prime factors of -5*4/(-20) + z?
131
Suppose 3*d + 4*q - 44981 = -3022, -d + 4*q + 13981 = 0. List the prime factors of d.
5, 2797
Let a(r) = -15*r - 65. Let t be a(-16). Suppose 911 - t = 8*p. What are the prime factors of p?
2, 23
Let n(j) = -4*j**3 - 137*j**2 - 48*j - 50. Suppose 14*k = 4*k - 340. What are the prime factors of n(k)?
2, 3, 71
Let n = 6067 + 21382. What are the prime factors of n?
27449
Let d(r) = r**3 + 14*r**2 + 15*r - 6. Suppose 4*m - 4 = -52. Let f be d(m). Suppose 14*i - 11*i - f = 0. What are the prime factors of i?
2, 17
Suppose 2*p + 2 = j, j - p = -6*p - 19. What are the prime factors of j + (-15)/((-15)/322)?
2, 3, 53
What are the prime factors of (-15549)/(-4)*72/27?
2, 71, 73
Let h be -1 + 11/((-55)/(-10)) - 474. Let w = h - -1212. What are the prime factors of w?
739
Suppose 5*s = -2*o + 28408 + 12131, -81111 = -4*o + s. What are the prime factors of o?
3, 751
Let p be ((-48)/15 + 0)*-1*10. Suppose -4*m = 3*l + p, 0 = 2*m - m - 4. Let k(h) = h**3 + 15*h**2 - 24*h - 4. What are the prime factors of k(l)?
2, 31
Let a(h) = 3*h**2 + 8 - 4*h**2 - 2 - 7*h - 3. Let f be a(-7). Suppose -5*i + 6*i = 2*l - 265, f = -3*i. What are the prime factors of l?
2, 3, 11
Suppose 2*u + l + 21 = -4*l, -2*u - l = 33. Let x = -14 - u. Suppose -3*z - 3*f + 419 = 2*z, -343 = -x*z - 5*f. What are the prime factors of z?
2, 41
Suppose 29*y - 26*y + 9 = 0. What are the prime factors of (-7 + (-12 - y))*(-1 + -28)?
2, 29
Suppose 10*n = 9*n - 261. Let v = n + 584. What are the prime factors of v?
17, 19
Suppose 7*d + d - 32 = 0. Let j be 1/(5 - d) - -1. Suppose -3*v + 113 = -4*k - 21, -j*v = k - 93. What are the prime factors of v?
2, 23
Let p = -28273 - -55007. What are the prime factors of p?
2, 13367
Suppose 0*x + 1901 = -3*x - 5*b, -3*b + 2496 = -4*x. Let d = 1194 + x. What are the prime factors of d?
3, 7
Let a(b) = 2*b**3 - 26*b**2 - 116*b - 5. What are the prime factors of a(29)?
13, 1811
Let g(z) = z**2 - 4*z - 1. Let w be g(-18). Suppose -4*c = 3*m - 361 - w, 0 = 2*m - c - 515. What are the prime factors of m?
2
Suppose 4*n + 46037 = 2*k + 130721, -n - 4*k = -21180. What are the prime factors of n?
2, 67, 79
Suppose -10*q + 552 = -4*q. Suppose 3*g = -5*s + 791, 2*g - 57 = -2*s + 257. Let t = s - q. List the prime factors of t.
2, 17
Suppose 262687 - 52279 + 46072 = 35*a. What are the prime factors of a?
2, 229
Let c be 1/(-7) - 7/((-147)/2649). Let f = -124 + c. List the prime factors of 542*(-3)/12*f*-1.
271
Suppose 0 = 12*i - 9*i - 69. Let w = i - 21. Suppose 3*m - 130 = -w*t + 29, 4*t + m = 333. What are the prime factors of t?
2, 3, 7
Let k = -69 - -12. Let h = -56 - k. What are the prime factors of 19/((5/h)/5)?
19
Let d(g) = -g + 7. Let s be d(6). Suppose -o + 2*j = -3, o - 4*j - 7 = -4. What are the prime factors of (62/(5 - o))/s?
31
Let a(w) = 3513*w**2 - 29*w - 62. List the prime factors of a(-3).
2, 13, 1217
Let u(c) = 267*c - 49. List the prime factors of u(10).
2621
Let r(u) = -35*u**3 - 5*u + 7 + 762*u**2 - 759*u**2 + 3*u. What are the prime factors of r(-3)?
5, 197
Let y be (2/4)/((-2)/(-24)). Let h(a) = 55*a + 24. Let r be h(y). Suppose 0 = -3*m - 3*j + r, 0*j - j = -4. What are the prime factors of m?
2, 3, 19
Suppose 0 = -x + 4*y + 7240, -4*x - 12*y = -15*y - 28934. What are the prime factors of x?
2, 113
List the prime factors of (-8)/128 + 683024/256.
2, 23, 29
Let s(o) = -o**3 + 15*o**2 - 16*o + 33. Let d be s(14). Let p(y) = 9*y**2 + 3 - d*y + 3 - 2. List the prime factors of p(3).
2, 5, 7
Let h = 2748 + -1903. Let r = -206 + h. What are the prime factors of r?
3, 71
Let f be 3 + 0*(-7)/(-35). List the prime factors of f/27 - 31824/(-81).
3, 131
Let o(m) = -m**3 - 2*m**2 + 7*m + 1. Let a be o(-4). Suppose 0 = -a*z + 15, 4*z = 2*b - z - 2009. List the prime factors of b.
2, 11, 2